5*b + 166. Calculate the remainder when b is divided by 44.
42
Let x(i) = i**3 + 7*i**2 - 7*i - 17. Calculate the remainder when 61 is divided by x(-7).
29
Let d = 36 - 21. Let w be (-12)/8*(-2)/3. Calculate the remainder when w*-2 - 184/(-4) is divided by d.
14
Let q = 8 + 10. Calculate the remainder when 65 is divided by q.
11
Suppose -5*g = 3*b + 8 - 7, -2*g + 14 = 3*b. Calculate the remainder when b is divided by (2/4)/(3/30).
3
Suppose 0*v = 5*v - 3*w - 25, -10 = -2*v + 3*w. Suppose 2*m - m - 2 = 0. Calculate the remainder when v is divided by m + (1 - 0/(-3)).
2
Let t be (-1 - (-1 - 0))/1. Let k = -4 + t. What is the remainder when (9 + 1)*(-6)/k is divided by 8?
7
Let h = -1 + 5. Let b(z) = -4*z + 1. Let t(s) = -19*s + 6. Let y(i) = h*t(i) - 22*b(i). Calculate the remainder when y(4) is divided by 17.
16
Suppose -15 = 5*u, -175 = -4*o + 4*u + u. What is the remainder when o is divided by 30?
10
Let q be 2 - 2/4*6. Let g = q + 4. What is the remainder when 11 is divided by g?
2
Suppose 5*r + 15 = 0, -c = r + r - 14. Let w be 10/4*4/(-2). Let z(l) = l**2 + 3*l + 1. What is the remainder when c is divided by z(w)?
9
Let v be 3/5 + 6/15. Let b be 10/(-5) + v*2. What is the remainder when b + 0 + (-1 - -48) is divided by 16?
15
Suppose b - a - 2*a = 58, 5*b - 309 = -4*a. Suppose 5*q - q - 3*k = -48, -80 = 4*q + 5*k. What is the remainder when b is divided by 72/q*(-20)/6?
13
Suppose -4*q = 2*o + 30, 3*q - 28 = o + 7. Calculate the remainder when -1 + o/(-2)*2 is divided by 6.
4
Suppose -4*n - 24 = -2*x, -1 = -3*x - 4*n + 3*n. Suppose -3 = -x*o + b + 5, 5*o - b = 26. What is the remainder when 17 is divided by o?
5
Let g be 4074/(-30) + 2/(-10). Calculate the remainder when (-4)/(-12) - g/6 is divided by 8.
7
Let b = -38 - -73. Calculate the remainder when b is divided by 13.
9
Let d(v) = -v - 11. What is the remainder when 10 is divided by d(-15)?
2
Suppose 12 = k + 2. Calculate the remainder when k is divided by 3.
1
Let a(h) = h**3 + 5*h**2 - h + 4. Let v be a(-4). Let u = v - 4. What is the remainder when 37 is divided by u?
17
Suppose -69*l - 100 = -71*l. What is the remainder when l is divided by 15?
5
Let i(u) = -10*u + 1. Suppose 0 = 3*g + h + 12, -3*g + 3*h - 20 = 4. Calculate the remainder when i(g) is divided by 13.
12
Let g = 33 - 22. What is the remainder when ((-34)/(-8))/((-10)/(-40)) + 3 is divided by g?
9
Let i = 56 - -42. What is the remainder when i is divided by 33?
32
Suppose 3*i = -5*q + 27, -i - 4*q - 4 = -13. Suppose -3 - 27 = -5*p. What is the remainder when 8*3*4/p is divided by i?
7
Let i(q) = -4*q - 4*q**3 + 5 + 5*q**3 - q + 4*q**2. Let j be i(-5). Let y(w) = -w**3 + 5*w**2 + 4*w - 4. Calculate the remainder when y(j) is divided by 9.
7
Let h(g) = -12*g + 2. Calculate the remainder when 53 is divided by h(-1).
11
What is the remainder when 223 is divided by ((-2522)/6)/(-13) + 2/(-6)?
31
Let c(o) = 132*o**2 + 3*o + 1. Let x be c(-1). Suppose 3*h + 47 = 2*p, 4*p + p + 5*h = x. Calculate the remainder when p is divided by 13.
12
Suppose -25*n = -30*n + 225. Calculate the remainder when n is divided by 24.
21
Let g(f) = -f**2 + 7*f + 3. Let y be g(7). Suppose -4*l + t + y*t = 28, -l = -4*t + 7. Calculate the remainder when 14 is divided by (-58)/l + 6/(-21).
6
Let a be (-2)/(1 + 1) - -6. Suppose -2*o + 4*h + 36 - 4 = 0, 0 = -4*o - a*h + 51. Suppose -4*v + 5 = -3*v. What is the remainder when o is divided by v?
4
Calculate the remainder when 7 is divided by (-24)/(-9)*(-36)/(-16).
1
Suppose 4*v - 59 = -3*m, 3*v = m - 2*m + 13. What is the remainder when m is divided by 9?
7
Let p(b) = b**2 - 3*b - 6. What is the remainder when 8/(-28) - 900/(-14) is divided by p(7)?
20
Let o(v) = 2*v + 1. Let j be o(1). Suppose -j = 4*n + 5. Calculate the remainder when (54/(-8))/(n/8) is divided by 14.
13
Suppose -2*o = 3*o - 385. Calculate the remainder when o is divided by 3 + 1/(-3)*-69.
25
Suppose 4*o = m - 2, -2*m + 2 + 2 = o. Suppose y - 18 + 0 = o. What is the remainder when 35 is divided by y?
17
Suppose 8*a = -2*a + 140. Calculate the remainder when 40 is divided by a.
12
Let i = -9 - -25. Calculate the remainder when 30 is divided by i.
14
Let c = -105 - -130. What is the remainder when c is divided by 14?
11
Let l(w) = w**2 - 7*w + 8. Let z be l(7). Calculate the remainder when 31 is divided by (-9 - z)/(-1 + 0).
14
Let v(d) = -2*d + 0*d + 2*d**3 + d - 2*d + 2. Calculate the remainder when v(3) is divided by 12.
11
Let j = 6 - -13. Let x(f) = -f**3 + 3*f**2 + 4*f - 3. Let w be x(-4). Let c = w + -37. What is the remainder when c is divided by j?
18
Suppose 2*d + 0*x - 31 = -3*x, d - 5*x = 9. Suppose -2*p + 5*w - 8 = 0, 4*w - 29 = -2*p - 1. Calculate the remainder when d is divided by p/18 + 14/3.
4
Let h(d) = d**2 + 7*d. Let j be h(-5). Let u be 156/30 + 2/j. Suppose -x + 15 = u*t, 4*t - 21 = -3*x + 13. What is the remainder when x is divided by 4?
2
Let v = -28 + 41. Calculate the remainder when 37 + 0*(-2)/(-8) is divided by v.
11
What is the remainder when ((-72)/(-7))/((-8)/(-84)) is divided by 28?
24
Suppose -4*u + 0*u + 607 = -i, -2*u = 4*i - 308. Calculate the remainder when u is divided by 31.
28
What is the remainder when 27 is divided by ((-25)/(-15))/5*42?
13
Let m = 2 + -4. Let l(p) = p**2. Calculate the remainder when l(m) is divided by 3.
1
Let a(f) = 10*f - 33. Calculate the remainder when a(20) is divided by 34.
31
Let b(i) = i**3 + 9*i**2 - 11*i - 1. Calculate the remainder when b(-10) is divided by 6.
3
Let x(b) = -b**2 + 2*b - 1. Let g be 1/4 - (-33)/12. Let m be x(g). Let r(w) = 2*w**2 + 6*w + 2. What is the remainder when 28 is divided by r(m)?
8
Let d(b) = 3 - b + 2*b + 0*b + 1. Let u be d(-9). Let a(x) = -x + 2. Calculate the remainder when a(u) is divided by 3.
1
Suppose 6*q = 3*q + 144. Suppose t = 2*t - 17. Calculate the remainder when q is divided by t.
14
Let g be 1/(-6) - (-91)/6. Let s = g + -1. What is the remainder when 39 is divided by s?
11
Let d(v) = -5*v + 2. Suppose -p = b - 4*b - 3, p - b + 5 = 0. Suppose -1 = k - 17. What is the remainder when d(p) is divided by k?
15
Suppose 5*z - 12 - 18 = 0. Let t be 0 - -5 - 1 - 0. Suppose -t*a = 2 - 70. Calculate the remainder when a is divided by z.
5
Suppose 0 = 2*h - 0*h - 72. Suppose -4*m + h + 44 = -2*j, -70 = -4*m - 3*j. What is the remainder when 37 is divided by m?
18
Let a(x) = 6*x**3 - x**2. Let s be a(1). Suppose -7 - 63 = -s*p. Suppose 4*w + 19 = j, 3*j = -w + p + 17. What is the remainder when j is divided by 6?
5
Calculate the remainder when 43 is divided by 693/45 - 2/5.
13
Suppose 0 = 5*h - h - 92. Suppose -4*c + h = g, 0*c - 3*c + 5*g + 23 = 0. What is the remainder when c is divided by 4?
2
Let n(u) = 2*u - 13. Let h be n(9). Let x(t) = -10*t - 1. What is the remainder when (h - 4) + 2 - -13 is divided by x(-1)?
7
Let u(h) = 2*h + 0*h - 2*h + 2*h - 6. What is the remainder when 7 is divided by u(5)?
3
What is the remainder when 78 is divided by 10/(-4)*270/(-25)?
24
Suppose -5*v - 5 = 0, -o - 3*v + 1 = 2. Let j be o*-1 + 1 + 5. Suppose 0 = 5*d - 1 - j. What is the remainder when 1 is divided by d?
0
Let k = 42 - 28. Let l be 61/2 - (-15)/10. Suppose -4*f + 40 = d + 4*d, -3*d = 4*f - l. What is the remainder when k is divided by f?
4
Let t(j) = -j + 2. Let w = -4 - -8. Calculate the remainder when 17 + -2 + -2 + w is divided by t(-4).
5
Let o = -17 - -29. Suppose 5 = 2*l - 9. Calculate the remainder when 226/o + (-5)/(-30) is divided by l.
5
Let x = -54 + 77. Calculate the remainder when x is divided by (-4)/(-10)*(14 - -6).
7
Let n = 0 - -2. Let t be (-1)/(-1) - (13 - n). Let j = t + 23. What is the remainder when 25 is divided by j?
12
Suppose -10*z + 282 = 62. What is the remainder when 106 is divided by z?
18
Suppose 25*h - 27*h = -8. What is the remainder when h is divided by 9 + -2 + 0 - 3?
0
Suppose 0 = k + 6 - 9. Calculate the remainder when 7 is divided by k.
1
Suppose 4*v = 4*u - 7 + 143, 2*v + 5*u - 61 = 0. Suppose -v = -2*f - m, 0 = 2*m - 0*m - 6. Calculate the remainder when 29 is divided by f.
14
Suppose -5*y + 3*c - 2*c = -14, 3*c = -12. Suppose 3*d - 31 = -i - y*d, i - 61 = 5*d. Calculate the remainder when i is divided by 16.
14
Suppose -5*b = 3*b - 184. Let z = -22 - -51. Let k = -21 + z. Calculate the remai